e the prime factors of 1945?
5, 389
What are the prime factors of 1234?
2, 617
List the prime factors of 29730.
2, 3, 5, 991
What are the prime factors of 2503?
2503
List the prime factors of 6043.
6043
What are the prime factors of 3694?
2, 1847
What are the prime factors of 3109?
3109
What are the prime factors of 545?
5, 109
What are the prime factors of 18266?
2, 9133
List the prime factors of 1223.
1223
List the prime factors of 1170.
2, 3, 5, 13
What are the prime factors of 322?
2, 7, 23
List the prime factors of 66812.
2, 16703
List the prime factors of 49411.
49411
What are the prime factors of 125729?
59, 2131
What are the prime factors of 839?
839
What are the prime factors of 20721?
3, 6907
List the prime factors of 7907.
7907
What are the prime factors of 4543?
7, 11, 59
What are the prime factors of 1606?
2, 11, 73
What are the prime factors of 346?
2, 173
What are the prime factors of 1966?
2, 983
What are the prime factors of 1549?
1549
List the prime factors of 19822.
2, 11, 17, 53
What are the prime factors of 7753?
7753
What are the prime factors of 10309?
13, 61
What are the prime factors of 18634?
2, 7, 11
What are the prime factors of 10980?
2, 3, 5, 61
What are the prime factors of 42190?
2, 5, 4219
What are the prime factors of 20557?
61, 337
What are the prime factors of 4210?
2, 5, 421
What are the prime factors of 6319?
71, 89
List the prime factors of 7557.
3, 11, 229
What are the prime factors of 98?
2, 7
List the prime factors of 4542.
2, 3, 757
What are the prime factors of 38438?
2, 19219
List the prime factors of 2390.
2, 5, 239
What are the prime factors of 23906?
2, 11953
List the prime factors of 9525.
3, 5, 127
What are the prime factors of 3584?
2, 7
List the prime factors of 980.
2, 5, 7
List the prime factors of 22580.
2, 5, 1129
What are the prime factors of 10486?
2, 7, 107
List the prime factors of 11677.
11677
What are the prime factors of 7273?
7, 1039
What are the prime factors of 606?
2, 3, 101
What are the prime factors of 41343?
3, 13781
List the prime factors of 631.
631
List the prime factors of 66234.
2, 3, 7, 19, 83
List the prime factors of 27607.
19, 1453
List the prime factors of 987.
3, 7, 47
List the prime factors of 842.
2, 421
What are the prime factors of 1354?
2, 677
List the prime factors of 943.
23, 41
What are the prime factors of 914?
2, 457
What are the prime factors of 3981?
3, 1327
What are the prime factors of 496?
2, 31
List the prime factors of 66338.
2, 41, 809
What are the prime factors of 147964?
2, 71, 521
List the prime factors of 1505.
5, 7, 43
What are the prime factors of 3401?
19, 179
What are the prime factors of 6310?
2, 5, 631
What are the prime factors of 3?
3
List the prime factors of 1201.
1201
What are the prime factors of 11869?
11, 13, 83
What are the prime factors of 3050?
2, 5, 61
What are the prime factors of 7660?
2, 5, 383
List the prime factors of 7009.
43, 163
List the prime factors of 1826.
2, 11, 83
What are the prime factors of 1164?
2, 3, 97
List the prime factors of 25613.
7, 3659
What are the prime factors of 124881?
3, 41627
What are the prime factors of 2646?
2, 3, 7
List the prime factors of 755.
5, 151
List the prime factors of 2366.
2, 7, 13
List the prime factors of 1419.
3, 11, 43
List the prime factors of 930.
2, 3, 5, 31
List the prime factors of 55531.
7, 7933
What are the prime factors of 753?
3, 251
What are the prime factors of 35?
5, 7
What are the prime factors of 12093?
3, 29, 139
What are the prime factors of 212?
2, 53
What are the prime factors of 10928?
2, 683
List the prime factors of 1362.
2, 3, 227
What are the prime factors of 484?
2, 11
What are the prime factors of 5580?
2, 3, 5, 31
List the prime factors of 198.
2, 3, 11
What are the prime factors of 2607?
3, 11, 79
What are the prime factors of 3905?
5, 11, 71
What are the prime factors of 2?
2
What are the prime factors of 2130?
2, 3, 5, 71
List the prime factors of 10167.
3, 3389
List the prime factors of 18037.
17, 1061
List the prime factors of 47929.
7, 41, 167
What are the prime factors of 1870?
2, 5, 11, 17
What are the prime factors of 764?
2, 191
List the prime factors of 9421.
9421
List the prime factors of 20845.
5, 11, 379
List the prime factors of 1566.
2, 3, 29
List the prime factors of 243.
3
What are the prime factors of 1772?
2, 443
List the prime factors of 70801.
101, 701
What are the prime factors of 58?
2, 29
What are the prime factors of 28?
2, 7
What are the prime factors of 2276?
2, 569
List the prime factors of 13578.
2, 3, 31, 73
List the prime factors of 609.
3, 7, 29
What are the prime factors of 1536?
2, 3
What are the prime factors of 59340?
2, 3, 5, 23, 43
What are the prime factors of 26375?
5, 211
List the prime factors of 41141.
41141
List the prime factors of 14035.
5, 7, 401
What are the prime factors of 170?
2, 5, 17
What are the prime factors of 55734?
2, 3, 7, 1327
What are the prime factors of 1305?
3, 5, 29
List the prime factors of 2324.
2, 7, 83
What are the prime factors of 3951?
3, 439
What are the prime factors of 49416?
2, 3, 29, 71
What are the prime factors of 84451?
79, 1069
What are the prime factors of 7908?
2, 3, 659
List the prime factors of 1136.
2, 71
List the prime factors of 12.
2, 3
List the prime factors of 130.
2, 5, 13
What are the prime factors of 99876?
2, 3, 7, 29, 41
What are the prime factors of 1175?
5, 47
List the prime factors of 2827.
11, 257
List the prime factors of 1701.
3, 7
List the prime factors of 1019.
1019
List the prime factors of 534.
2, 3, 89
What are the prime factors of 12664?
2, 1583
What are the prime factors of 360?
2, 3, 5
List the prime factors of 1854.
2, 3, 103
What are the prime factors of 10844?
2, 2711
What are the prime factors of 378?
2, 3, 7
What are the prime factors of 34085?
5, 17, 401
List the prime factors of 31.
31
List the prime factors of 1354.
2, 677
What are the prime factors of 2836?
2, 709
What are the prime factors of 454?
2, 227
List the prime factors of 34681.
79, 439
List the prime factors of 9461.
9461
List the prime factors of 1589.
7, 227
What are the prime factors of 66200?
2, 5, 331
List the prime factors of 2485.
5, 7, 71
List the prime factors of 28487.
61, 467
What are the prime factors of 14242?
2, 7121
What are the prime factors of 2259?
3, 251
What are the prime factors of 24049?
24049
List the prime factors of 5702.
2, 2851
List the prime factors of 127647.
3, 13, 1091
List the prime factors of 1120.
2, 5, 7
List the prime factors of 10120.
2, 5, 11, 23
List the prime factors of 986.
2, 17, 29
What are the prime factors of 43826?
2, 17, 1289
List the prime factors of 15496.
2, 13, 149
List the prime factors of 909.
3, 101
What are the prime factors of 108213?
3, 7, 5153
What are the prime factors of 2733?
3, 911
What are the prime factors of 18678?
2, 3, 11, 283
List the prime factors of 1475.
5, 59
What are the prime factors of 498?
2, 3, 83
What are the prime factors of 1113?
3, 7, 53
List the prime factors of 3253.
3253
What are the prime factors of 146346?
2, 3, 24391
What are the prime factors of 27936?
2, 3, 97
What are the prime factors of 33317?
33317
What are the prime factors of 1840?
2, 5, 23
List the prime factors of 12982.
2, 6491
What are the prime factors of 6926?
2, 3463
What are the prime factors of 12976?
2, 811
List the prime factors of 422.
2, 211
What are the prime factors of 252?
2, 3, 7
List the prime factors of 1922.
2, 31
What are the prime factors of 3962?
2, 7, 283
What are the prime factors of 329?
7, 47
What are the prime factors of 12267?
3, 29, 47
What are the prime factors of 89646?
2, 3, 67, 223
List the prime factors of 139369.
139369
What are the prime factors of 778?
2, 389
List the prime factors of 3259.
3259
What are the prime factors of 162848?
2, 7, 727
What are the prime factors of 51494?
2, 25747
List the prime factors of 10664.
2, 31, 43
List the prime factors of 1417.
13, 109
List the prime factors of 5994.
2, 3, 37
List the prime factors of 12025.
5, 13, 37
What are the prime factors of 794?
2, 397
What are the prime factors of 108200?
2, 5, 541
What are the prime factors of 5212?
2, 1303
What are the prime factors of 6664?
2, 7, 17
What are the prime factors of 5817?
3, 7, 277
List the prime